?
True
Does 492 divide 1544388?
True
Is 152 a factor of 63341?
False
Is 50 a factor of 197500?
True
Is 212 a factor of 124379?
False
Does 39 divide 2112789?
False
Is 240966 a multiple of 3?
True
Does 167 divide 44895?
False
Is 37 a factor of 45066?
True
Is 26 a factor of 46275?
False
Does 2 divide 292638?
True
Is 263320 a multiple of 454?
True
Does 50 divide 25301?
False
Does 60 divide 494561?
False
Does 153 divide 30294?
True
Is 9 a factor of 220316?
False
Is 3 a factor of 129804?
True
Is 55 a factor of 76285?
True
Does 21 divide 2673846?
True
Does 16 divide 215233?
False
Does 100 divide 3461044?
False
Is 349 a factor of 5552241?
True
Is 168629 a multiple of 119?
False
Is 28 a factor of 908964?
True
Is 1988 a multiple of 300?
False
Is 13 a factor of 1589184?
False
Is 12425606 a multiple of 17?
True
Is 34 a factor of 2605998?
True
Is 26 a factor of 13894?
False
Does 50 divide 61000?
True
Is 480190 a multiple of 31?
True
Is 161128 a multiple of 3?
False
Does 595 divide 441038?
False
Does 4 divide 186571?
False
Does 1953 divide 9301141?
False
Is 1962072 a multiple of 289?
False
Does 20 divide 958920?
True
Does 44 divide 5751311?
False
Is 12 a factor of 7488?
True
Is 3754501 a multiple of 502?
False
Is 13524739 a multiple of 325?
False
Is 47 a factor of 830841?
False
Does 94 divide 282376?
True
Is 635457 a multiple of 86?
False
Is 42385 a multiple of 49?
True
Does 304 divide 1599939?
False
Is 76 a factor of 631712?
True
Is 3590383 a multiple of 9?
False
Does 14 divide 6140288?
True
Is 1244400 a multiple of 51?
True
Does 324 divide 722768?
False
Does 142 divide 5776040?
False
Is 353 a factor of 1604032?
True
Does 102 divide 576198?
True
Is 837989 a multiple of 115?
False
Does 21 divide 4727604?
True
Does 13 divide 12388597?
True
Is 221 a factor of 76742?
False
Is 78 a factor of 356762?
False
Is 197 a factor of 68128?
False
Is 4035570 a multiple of 33?
True
Is 481712 a multiple of 748?
True
Is 658217 a multiple of 5?
False
Does 38 divide 4097806?
True
Does 952 divide 212657?
False
Is 12 a factor of 79704?
True
Is 33 a factor of 202300?
False
Is 103600 a multiple of 14?
True
Is 6798920 a multiple of 11?
False
Does 2 divide 175?
False
Is 2119869 a multiple of 158?
False
Does 52 divide 1827602?
False
Is 320 a factor of 607360?
True
Is 59 a factor of 1950425?
False
Does 26 divide 303991?
False
Is 3 a factor of 338049?
True
Is 51 a factor of 70329?
True
Is 23239 a multiple of 17?
True
Is 179322 a multiple of 286?
True
Is 941 a multiple of 78?
False
Is 6488057 a multiple of 111?
False
Does 24 divide 190728?
True
Is 410656 a multiple of 82?
True
Does 34 divide 244463?
False
Is 695072 a multiple of 19?
False
Is 562 a factor of 3117976?
True
Is 56 a factor of 9800?
True
Is 118 a factor of 43588?
False
Is 68820 a multiple of 12?
True
Is 11 a factor of 1562132?
True
Is 8172723 a multiple of 367?
True
Is 22 a factor of 103978?
False
Is 870993 a multiple of 81?
True
Is 60 a factor of 32675762?
False
Does 116 divide 165184?
True
Does 16 divide 113536?
True
Does 56 divide 1603879?
False
Does 40 divide 6308313?
False
Does 123 divide 487326?
True
Is 613815 a multiple of 271?
True
Is 60 a factor of 573540?
True
Does 811 divide 2939064?
True
Does 10 divide 1119900?
True
Is 993273 a multiple of 1210?
False
Is 29 a factor of 1571050?
False
Is 43698 a multiple of 6?
True
Is 55 a factor of 295963?
False
Is 3 a factor of 115790?
False
Does 37 divide 514929?
True
Is 1097250 a multiple of 105?
True
Does 5 divide 169681?
False
Is 130 a factor of 4887695?
False
Is 146783 a multiple of 16?
False
Is 291286 a multiple of 14?
False
Does 51 divide 6079?
False
Is 1931134 a multiple of 2028?
False
Is 76 a factor of 297242?
False
Is 238 a factor of 117607?
False
Does 15 divide 352935?
True
Is 372754 a multiple of 145?
False
Is 4 a factor of 184384?
True
Does 28 divide 329938?
False
Does 66 divide 1646076?
False
Is 702015 a multiple of 120?
False
Is 22 a factor of 421020?
False
Is 128486 a multiple of 68?
False
Is 5 a factor of 3340468?
False
Is 537174 a multiple of 11?
True
Is 86691 a multiple of 6?
False
Is 929170 a multiple of 55?
True
Does 26 divide 289413?
False
Is 215152 a multiple of 152?
False
Is 129 a factor of 260967?
True
Does 36 divide 291632?
False
Is 1720375 a multiple of 8?
False
Does 1099 divide 8681001?
True
Is 9 a factor of 199085?
False
Is 1384740 a multiple of 35?
True
Does 14 divide 24472?
True
Does 48 divide 61872?
True
Is 53 a factor of 1229146?
False
Is 74 a factor of 1597216?
True
Does 141 divide 519006?
False
Is 16335 a multiple of 8?
False
Is 287 a factor of 733099?
False
Does 46 divide 558624?
True
Is 47 a factor of 10718567?
False
Is 8650 a multiple of 4?
False
Is 425103 a multiple of 277?
False
Is 8 a factor of 70117?
False
Is 72 a factor of 293256?
True
Is 895236 a multiple of 122?
True
Does 87 divide 155817?
True
Is 531 a factor of 2289276?
False
Is 29 a factor of 1152866?
True
Is 263242 a multiple of 14?
True
Is 112 a factor of 1097977?
False
Is 34 a factor of 11516?
False
Is 215458 a multiple of 17?
True
Is 465 a factor of 410794?
False
Does 30 divide 633600?
True
Does 3 divide 158618?
False
Is 173 a factor of 623078?
False
Does 293 divide 8816370?
True
Is 1821842 a multiple of 36?
False
Does 10 divide 1562070?
True
Is 218775 a multiple of 401?
False
Is 151 a factor of 1453854?
False
Is 12713760 a multiple of 8?
True
Is 263 a factor of 346176?
False
Is 176982 a multiple of 13?
True
Does 106 divide 2322075?
False
Is 28 a factor of 12683836?
False
Does 6 divide 101850?
True
Is 63 a factor of 229572?
True
Is 8 a factor of 167314?
False
Is 5046128 a multiple of 226?
True
Is 153457 a multiple of 5?
False
Is 608047 a multiple of 11?
True
Is 16 a factor of 63664?
True
Does 498 divide 29382?
True
Is 124578 a multiple of 162?
True
Is 143650 a multiple of 13?
True
Is 12755810 a multiple of 515?
False
Is 9 a factor of 309141?
True
Is 124800 a multiple of 15?
True
Is 415280 a multiple of 26?
False
Is 53 a factor of 197054?
True
Is 512 a factor of 2189312?
True
Is 29 a factor of 1502345?
True
Does 57 divide 80484?
True
Does 2 divide 123871?
False
Is 288 a factor of 14383008?
True
Is 220820 a multiple of 181?
True
Does 22 divide 6836827?
False
Does 5 divide 1671638?
False
Is 1604616 a multiple of 148?
True
Is 16432 a multiple of 20?
False
Is 2316288 a multiple of 24?
True
Is 90 a factor of 62981?
False
Is 155700 a multiple of 36?
True
Is 118 a factor of 8917614?
True
Does 241 divide 2223466?
True
Does 4 divide 11620?
True
Does 24 divide 2305248?
True
Is 9393 a multiple of 303?
True
Does 75 divide 4900?
False
Is 506 a factor of 2644496?
False
Does 72 divide 2127203?
False
Is 64813 a multiple of 7?
True
Does 738 divide 307746?
True
Is 7 a factor of 383052?
False
Does 5 divide 1066075?
True
Is 2 a factor of 76447?
False
Is 47 a factor of 5648614?
False
Does 200 divide 4824?
False
Is 200782 a multiple of 50?
False
Is 1733770 a multiple of 176?
False
Does 680 divide 4566880?
True
Is 592296 a multiple of 8?
True
Is 7579830 a multiple of 823?
True
Does 97 divide 8674419?
True
Is 55668 a multiple of 121?
False
Is 92456 a multiple of 91?
True
Does 135 divide 3801060?
True
Is 325 a factor of 1635180?
False
Is 8 a factor of 92088?
True
Is 90809 a multiple of 28?
False
Is 365792 a multiple of 32?
True
Does 132 divide 2342280?
False
Is 67 a factor of 118203?
False
Is 367992 a multiple of 456?
True
Does 24 divide 5582513?
False
Is 5441564 a multiple of 7?
False
Is 13 a factor of 2497003?
False
Does 10 divide 59649?
False
Is 10141626 a multiple of 373?
False
Is 2216773 a multiple of 117?
False
Is 8 a factor of 766403?
False
Is 1127412 a multiple of 396?
True
Does 101 divide 9105763?
False
Is 107 a factor of 647029?
True
Does 23 divide 40646?
False
Is 190 a factor of 1587830?
True
Does 63 divide 113554?
False
Is 25 a factor of 29525?
True
Is 47985 even?
False
Is 2959920 a multiple of 24?
True
Is 97173 a multiple of 125?
False
Is 106821 a multiple of 11?
True
Is 33 a factor of 1100682?
True
Is 164796 a multiple of 62?
True
Is 6 a factor of 37145?
False
Does 13 divide 104981?
False
Is 8 a factor of 560766?
False
Is 693 a factor of 11607057?
True
Does 8 divide 2980313?
False
Does 10 divide 7363425?
False
Is 26 a factor of 48210?
False
Is 282 a factor of 2471132?
False
Is 466 a f